+ 4. What is the remainder when w is divided by ((-6)/(-8)*12)/1?
6
Let x = 186 + -104. Let z(c) = -c**2 - 10*c + 8. Calculate the remainder when x is divided by z(-9).
14
Let s(f) = -18*f - 76. What is the remainder when s(-12) is divided by 29?
24
Let p(y) = -y + 2. Let q = 17 + -19. Let n be p(q). Let w = 14 - n. Calculate the remainder when 37 is divided by w.
7
Suppose -12*l + 120 = -72. What is the remainder when 20 is divided by l?
4
Let m be 27/(-6)*12/(-9). Suppose 2*y + y - m = 0. Suppose 0 = 3*x + 5*w + 19, 0 = y*x - 6*x - w + 3. What is the remainder when 5 is divided by x?
1
Let c(g) = 376*g**3 + g**2 - g. Suppose -19 = f - 5*i, 14 = 5*i - 6. Let r be c(f). Suppose -36 = 4*q - r. What is the remainder when q is divided by 22?
19
Let n = 56 - 113. Let j = 84 + n. What is the remainder when 104 is divided by j?
23
Suppose 154 = 5*v - 3*a, -4*a - 70 = -0*v - 2*v. What is the remainder when 112 is divided by v?
25
Suppose 47*q - 4938 = 1266. What is the remainder when q is divided by 16?
4
Let r be (-3 + 10/5)*-70. Suppose -r = -5*s - 5*u, -u - 1 = -s + 5. What is the remainder when 29 is divided by s?
9
Suppose -4*v = 5*p - 7, -2*p - v = -4 - 0. Suppose 3*k - 37 = -2*g, 96 = p*g + 2*g + 4*k. What is the remainder when 56 is divided by g?
16
Calculate the remainder when 24 is divided by (-316)/(-36) + 4/18.
6
Let d(t) = 139*t - 1. Let f(a) = -48*a + 2. Let u be f(1). What is the remainder when d(1) is divided by u/23 - (-38 - -1)?
33
Let b = 2941 - 2937. What is the remainder when 216 is divided by b?
0
Let o(a) = a**3 - 15*a**2 + 2*a - 16. Let v be o(15). Suppose 18*y = v*y + 164. What is the remainder when y is divided by 21?
20
Let m = 746 + -721. Calculate the remainder when m is divided by 3.
1
Let u be 3/(-9) - (-92)/3*14. Calculate the remainder when (4/(-4))/((-4)/(u - 1)) is divided by 22.
19
Let u = 36 - 14. Suppose 3*a - 258 = y, -6*a + 16*y = 15*y - 513. Calculate the remainder when a is divided by u.
19
Suppose -a - 5*c + 100 = 0, 0*c + 2*c = a - 114. What is the remainder when a is divided by 36?
2
Suppose 0 = -3*i + s + 38, -20 = -3*i + 3*s + 10. Let b be (i - 0) + (1 - 1). Suppose -b = 5*h - 69. Calculate the remainder when 30 is divided by h.
8
What is the remainder when 141 - 6 - 5/((-10)/(-8)) is divided by 50?
31
Let s = -124 + 124. Suppose -5*w + g + 534 = -3*g, s = -4*w - 4*g + 420. Calculate the remainder when w is divided by 54.
52
Let o(r) = 8 + 10 - 13*r**2 - 3 - r**3 - 22*r. What is the remainder when o(-11) is divided by 8?
7
Let k = -10 + 12. Suppose -a = 0, 0*j - j + k*a + 4 = 0. Suppose -j*v - 66 = -7*v. What is the remainder when v is divided by 6?
4
Let t be (2/(-5))/((-7)/455). Suppose -2*v - 5 - 29 = 0. Let g = t + v. Calculate the remainder when 23 is divided by g.
5
Let f(h) = h**3 + 4*h**2 - 5. Let d be f(3). Let i = -45 + d. What is the remainder when 62 is divided by i?
10
Let n(v) = 8*v**2 + 1. Let b = -43 - -19. Let y be (16/b)/((-2)/(-3)). Calculate the remainder when 24 is divided by n(y).
6
Let t(x) = -25*x**3 - 5*x**2 - 4*x + 2. What is the remainder when t(-1) is divided by 26?
0
Let a(f) = -68*f**3 + 2*f**2 - 1. What is the remainder when a(-1) is divided by 9 + -2*1 + 0/61?
6
Let u(l) = l. Let c be u(2). Suppose -d - 109 = -3*f, 82 = 2*f + 2*d + c*d. Suppose -3*g + 89 = -f. What is the remainder when g is divided by 9?
6
Suppose 0 = -2*m - v + 5*v + 186, -v + 272 = 3*m. Let o = 115 - m. Calculate the remainder when 93 is divided by o.
21
Let s(b) = -b - 7. Let p be s(-10). Let l(m) = m**3 - 4*m**2 + 4*m + 1. Suppose 2*t + 6 = 20. Calculate the remainder when t is divided by l(p).
3
Suppose -4*u - 5*v + 111 = 0, 0 = 5*u - 5*v - 31 - 119. Calculate the remainder when 112 is divided by u.
25
Let w = -10 + 14. What is the remainder when ((-180)/16)/(w/(-16)) is divided by 17?
11
Suppose 4*c - 4*w - 684 = 0, 9*w - 12*w = -4*c + 685. Calculate the remainder when c is divided by 25.
22
Suppose 24 = 2*m - y, 6*y - 9*y = -3*m + 39. Calculate the remainder when 559 is divided by m.
9
Calculate the remainder when 119 is divided by ((-6)/(-18))/(2/48).
7
Let o be 3/(2 + 1/(-2)). Let s(p) = -4 - 5*p + o*p + 1 + 4*p**2. Calculate the remainder when s(-2) is divided by 11.
8
Let a be 3/(3/2) - -7. Let h(q) = 20*q**2 + 0*q + a*q**2 + 12*q**2 + q + 1. What is the remainder when h(-1) is divided by 11?
8
Let o(r) = r**3 + 5*r**2 + r + 41. What is the remainder when 284 is divided by o(0)?
38
Let x be 8 + -9 + (-1 - 1). Calculate the remainder when 129 is divided by (-22)/x*45/10.
30
Let a(s) = -s**3 + 12*s**2 - 19*s + 9. Let l be a(10). Suppose -3*y - 4 = -2*t, 2*t + t = -2*y + l. What is the remainder when 3 is divided by y?
1
Let g be ((-5)/1)/(4/4)*5. What is the remainder when (12/10)/(10/g) + 19 is divided by 9?
7
Suppose -2341 = -33*b - 625. What is the remainder when 230 is divided by b?
22
Let q = -41 - -41. Let a(l) = l + 9. Suppose t + 136 = 5*t. Calculate the remainder when t is divided by a(q).
7
Suppose 0 = 8030*r - 8018*r - 288. What is the remainder when (5 + -3)/(2/44) is divided by r?
20
Suppose 3 = -2*z + 4*s - 5, -8 = -z - 4*s. Suppose -11*n + 4*n + 336 = z. Suppose 0*w = -3*w + 39. Calculate the remainder when n is divided by w.
9
Let o(k) = k**2 - 4*k - 3. Let v be o(7). Suppose -3*p + 27 = 4*d - 48, 0 = -p + 3*d + 25. What is the remainder when (-4)/v + (-2625)/(-27) is divided by p?
22
Suppose -5*f + 0*z - 44 = -3*z, 0 = -5*z - 10. What is the remainder when 43 is divided by (11*(-2)/f)/((-4)/(-20))?
10
What is the remainder when (-4185)/(-33) - 24/(-132) is divided by 13?
10
Suppose -62 = -4*w + l, -4*w - 90 = -9*w - 5*l. Suppose w*z = 13*z + 309. What is the remainder when z is divided by 26?
25
Suppose -4*y + 6 + 14 = 0. Let u(f) = 0*f + f**2 - 2 - 2*f + 0*f**2 - 5. Calculate the remainder when u(y) is divided by 5.
3
Suppose -2 = -2*k + 2. Calculate the remainder when 49 is divided by k/((-49)/17 + 3).
15
Suppose -5*n - t = -299, 2*n - 4*t - 104 - 20 = 0. What is the remainder when 1497 is divided by n?
57
Suppose 3*m - 2*q - 15 = 3*q, 0 = 4*m - 2*q - 6. Suppose 5*v = 2*d + 3, 3*v - v - 6 = m. Suppose d*z - z = 150. Calculate the remainder when z is divided by 11.
8
Let b = 2256 + -2150. What is the remainder when b is divided by 20?
6
Let k(t) = t**3 - 13*t**2 + 46*t - 10. Calculate the remainder when 6/5*300/9 is divided by k(6).
12
Let i be 1 - 0*(-2)/(-4). Let y = i + -7. Let j(x) = -x**3 - 5*x**2 + 3*x. Calculate the remainder when j(y) is divided by 5.
3
Suppose 16 = 3*q + q. Let t = 1 - -5. Let g(o) = o + 3. Calculate the remainder when g(t) is divided by q.
1
Let g(y) = -y**2 + 9*y - 8. Let a(j) = -2*j**2 + 7*j + 10. Let r be a(4). What is the remainder when 167 is divided by g(r)?
7
Let t(g) = -g**3 - 11*g**2 - 6*g - 16. Let f = -47 + 36. Suppose -2*z - 71 = -5*s, -73 = -5*s + 5*z + 7. Calculate the remainder when t(f) is divided by s.
11
What is the remainder when 21 is divided by 2/11 + ((-1850)/(-110) - 6)?
10
Calculate the remainder when 77 is divided by ((-10)/(-3))/((-9)/(1080/(-10))).
37
Let k(j) = 59*j**2 - 3*j + 8. What is the remainder when k(1) is divided by 28?
8
Let n = 10 + -9. Suppose -2*a - n + 7 = 0. Suppose -a*r = 2*r - 85. What is the remainder when r is divided by 10?
7
Let q(f) = 55*f**2 - 10*f + 38. Calculate the remainder when q(3) is divided by 84.
83
Suppose 7*s - 8*s + 2 = 0. Let h(w) = 8*w**2 + 2 - 9*w**s + 6*w + 3. What is the remainder when h(6) is divided by 3?
2
Let b = 1602 + -1401. Calculate the remainder when b is divided by 15.
6
Let x(j) = 12*j - 6. Let k(f) = -10*f + 7. Let v(l) = 5*k(l) + 6*x(l). What is the remainder when v(6) is divided by 12?
11
Let p = -2 - -13. Calculate the remainder when ((-4)/(-12))/((-3)/(-135)) is divided by p.
4
Suppose -4*g + 297 = 5*g. Let h = 29 - 18. Suppose 7 + h = 2*s. What is the remainder when g is divided by s?
6
Suppose 46 = 2*r - 2. Suppose 29 = -r*s + 149. Suppose 0 = -4*y + 2*w + w + 29, -59 = -4*y - 3*w. Calculate the remainder when y is divided by s.
1
Let b(q) = -q**2 + 10*q - 3. Let x be b(4). Let d be -4 - 8*(-2)/4. What is the remainder when 81 is divided by x - 4/(-8)*d?
18
Suppose 2638*k - 342 = 2632*k. What is the remainder when 281 - 1 - 21/(-7) is divided by k?
55
Let n(p) = 